Suppose 366 = 5*r - 3*z, k*z + 8 = 2*z. Let a be (-9)/(-1) - (-3 + 21 - 18). What is the highest common divisor of r and a?
9
Suppose -549 = 2*t + 3*x, 2*t = 2*x - 248 - 296. Let r = t - -394. Calculate the greatest common divisor of 11 and r.
11
Let h = -2 + 3. Let w(g) = -8*g + 162. Let q be w(20). Suppose 2*y = -2*s + 18, -52*y + q*s + 18 = -50*y. What is the greatest common divisor of h and y?
1
Let m = 80 + 8. Let c = -357 - -400. Suppose 17*u - c - 93 = 0. Calculate the greatest common divisor of u and m.
8
Suppose -4*v - 2 = 5*m - 51, 2*v - 17 = -m. Let a be (-5)/(5/2)*2. Let f be (2*a)/2 - (-306 - v). Calculate the greatest common divisor of f and 44.
44
Let j = 170 - 168. Suppose 3*t + 39 = -37*k + 38*k, 3*k = -j*t + 62. Suppose -3*i + 2*i = -216. What is the highest common factor of k and i?
24
Suppose 0*a = 19*a - 114. Let y be 3*2/a - (-20 + -3). What is the greatest common factor of 108 and y?
12
Let i = 2230 - 1012. Calculate the highest common factor of i and 58.
58
Let j = 5990 + -5967. Calculate the greatest common divisor of 7061 and j.
23
Suppose 413 = 4*x - a, -x + 161 - 79 = 4*a. Calculate the greatest common divisor of x and 360.
6
Suppose -4*a - 172 = -3*a - s, -2*a - 2*s = 340. Let i = -145 - a. Calculate the highest common factor of 338 and i.
26
Let g = 75 - 39. Let s be (616/(-61 + 47))/((-2)/9). What is the greatest common factor of g and s?
18
Let v = -146 + 146. Suppose p + 0*t - 381 = 3*t, 5*p + t - 1857 = v. What is the highest common factor of 31 and p?
31
Suppose -4*y = -4*o + 88, -y + 35 + 43 = 4*o. What is the greatest common divisor of o and 230?
10
Suppose -18*f = 30 + 24. Let g(y) = -2*y**3 - 2*y**2 + 4*y + 6. Let i be g(f). What is the highest common factor of i and 810?
30
Suppose -220*g + 215*g = 3*d - 4743, 0 = -4*g + 4*d + 3756. Calculate the greatest common factor of g and 1350.
135
Let x(z) = 6*z**2 - 17*z - 20. Let b be x(13). Suppose 0 = 4*s - 2*d - 249 - b, 4*s - d - 1021 = 0. What is the highest common divisor of 15 and s?
15
Suppose 0 = -3*u - 2 + 35. Let n(c) = -28*c**2 - 39 - 10*c - u*c + 9*c**2 - c**3. Let k be n(-18). What is the greatest common factor of k and 30?
15
Let a(h) = h + 34. Let x be a(-7). Let l = -25 + x. Suppose 5*m = l*r + 57 - 162, 56 = r + m. Calculate the highest common factor of 33 and r.
11
Suppose -s = 2*j - 561, s - 7*j + 8*j - 559 = 0. Let g = s - 183. Calculate the greatest common divisor of 85 and g.
17
Suppose 0 = -342*t + 320*t + 269082. Calculate the highest common factor of t and 81.
81
Let j be (-2)/13 + (-2844)/(-234). Let g = j - -9. Suppose 6*p = -5*i + p + 860, 180 = i + 3*p. Calculate the greatest common factor of i and g.
21
Let o = 665 + -673. Let x(c) = -4*c + 116. Let u be x(o). What is the greatest common factor of 518 and u?
74
Let t be 17182/484*(0 + 46 + (-10)/(-5)). Calculate the highest common divisor of 120 and t.
24
Suppose -17*k + 870 = -2*k. Suppose 2*j - 432 = k. Calculate the greatest common factor of 147 and j.
49
Let x(u) = u**2 - 5*u + 6. Let j be x(1). Let w(b) = 8*b**2 - 9*b + 4. Let c be w(j). What is the greatest common factor of c and 81?
9
Let y = -1347 - -1494. Let f(c) be the third derivative of c**4/24 + 7*c**3/2 - 9*c**2. Let s be f(0). What is the greatest common factor of y and s?
21
Suppose -7*i + 116 + 17 = 0. Suppose 47*p = i*p + 2744. What is the highest common factor of p and 14?
14
Suppose 41*h - 7258411 = -7256894. Suppose 0 = 2*b - 3*b + 37. Calculate the highest common divisor of b and h.
37
Suppose 107*t - 95*t + 126 = 846. Suppose -4*u + 5*u - 40 = 0. Calculate the highest common factor of t and u.
20
Suppose 2*u - n = 55, 0*u + 4*n = u - 24. Let x be (3 + 2)/(1/3). Let b be (-2)/(-14) + x/(-105) + 7. Calculate the greatest common factor of b and u.
7
Let o be 351/(-234)*(-9 - -1). What is the highest common factor of 804 and o?
12
Let l = -1 + 5. Suppose -l*g - 3 = -19. Suppose -2*c + 192 = g*c. Calculate the highest common divisor of c and 4.
4
Suppose 171*v = 179*v - 1277 - 1987. Calculate the greatest common factor of v and 4148.
68
Let s(t) = 13 - 3*t - 40*t + 8*t - 81. Let a be s(-8). What is the highest common factor of 4 and a?
4
Let q be (16/(-20))/(3/(-15)). Suppose -40 = -t - q. What is the greatest common factor of 180 and t?
36
Suppose -53257 = 79*f - 265135. Calculate the greatest common factor of f and 18.
18
Let u = -4198 + 4278. Calculate the greatest common divisor of 128 and u.
16
Let m = 238631 - 238411. Suppose 5*a = 5*t + 105, -25 - 60 = -4*a + 3*t. Let c = 42 - a. Calculate the highest common divisor of c and m.
20
Let k(r) = -r**3 + 10*r**2 + 6*r - 10. Let b be k(9). Let m(t) = 2*t**3 - 26*t**2 + 96*t - 5. Let p be m(5). Calculate the highest common factor of p and b.
25
Suppose 0 = -3*b + c + 375, -2 = 5*c - 17. Let y(k) = 5*k**2 - 241*k + 1686. Let l be y(41). Calculate the greatest common factor of l and b.
42
Suppose 413*p - 5*o = 415*p - 34, 3*p - 38 = -o. Calculate the highest common factor of 41820 and p.
12
Suppose -2*n = -10, 3*w + 3*n - 534 = 249. Calculate the greatest common divisor of 208 and w.
16
Let d(c) be the first derivative of 11 + 0*c + 1/2*c**2. Let y be d(2). Calculate the highest common factor of y and 22.
2
Let q(i) = -i**3 + i**2 + 2*i - 2. Let k be q(-3). Suppose k = 16*h - 4. What is the highest common divisor of h and 10?
2
Let l(i) = i**2 + 6*i + 10. Let g be l(-5). Let z(x) = 26*x - 8. Let r be z(7). Suppose r - 64 = g*u. What is the greatest common divisor of 11 and u?
11
Suppose -14*f + 39 = -f. Suppose 5*v = -f*i + 175, -2*v + 5 = 4*i - 79. Calculate the highest common factor of v and 80.
16
Suppose 7*i = -i + 224. Let c be 710/14 - 2/i*-4. Let v be (0 + c)*(-8)/(-24). Calculate the highest common divisor of 68 and v.
17
Suppose -19 + 25 = 2*x. Suppose 0 = -4*l - 3*a + 525, -24 = -5*l + x*a + 666. Suppose 7*j - 4*j - l = 0. What is the greatest common factor of 30 and j?
15
Let w be (18/48 + (-1538)/(-80))*5. What is the greatest common factor of 336 and w?
14
Suppose 3*l - 28*o = -27*o + 320, 3*l + 2*o - 305 = 0. Calculate the highest common factor of l and 240.
15
Suppose 0 = -7*r - r + 1368. Suppose -5*q + 65 = 5*b, 5*q - 3*b = -6*b + 57. Calculate the highest common factor of q and r.
9
Let n = 21284 + -20676. Calculate the greatest common divisor of n and 418.
38
Let k = -28123 + 40592. What is the highest common factor of k and 37?
37
Suppose 23*n + 654 = 17*n. Let u = n + 120. What is the greatest common divisor of 88 and u?
11
Let p be 4/((-1)/(-1)) + -49. Let i = -262 - -349. Let g = i + p. Calculate the greatest common factor of g and 6.
6
Suppose 10*w + 95 - 245 = 0. Suppose -879 = -3*p + q - w, 4*p + 2*q = 1152. Calculate the greatest common divisor of p and 9.
9
Suppose -3*v + 66 - 69 = 0, -3*o + 241 = 2*v. What is the highest common divisor of o and 30?
3
Suppose -5*f + 31 = w - 0*w, -5*w + 3*f = -43. Suppose 10*r - 13 = 2237. Let k = -126 + r. Calculate the highest common divisor of k and w.
11
Suppose 19*a - m = 21*a - 7, -20 = 4*m. Let n be (5/(-10))/((-2)/(-96)). Let j be n/(-9)*243/12. Calculate the highest common factor of j and a.
6
Suppose -5*x + 67110 = -129*w + 134*w, 0 = -3*w + x + 40254. What is the greatest common divisor of 21 and w?
21
Let s be (0 - (-35)/4)*4. Suppose 25*k + 334*k = -264*k + 65415. What is the greatest common factor of s and k?
35
Let g = -537 + 1038. What is the highest common factor of 6 and g?
3
Suppose -3*u + 16*u = 65. Let p(i) = -i + 17. Let q be p(u). What is the highest common divisor of 204 and q?
12
Suppose 3*q - 6 = 0, -2*h - 3*h - 14 = 3*q. Let y be (0 - h)*17 - -4. Calculate the greatest common factor of y and 792.
72
Suppose 2*h - 5 = -3*h, -3*u + h = -5. Let v be 7/u*2 + 1. Suppose v*x = 6*x + 4. What is the highest common factor of 22 and x?
2
Let r(w) = 1209*w - 532. Let j be r(4). What is the greatest common divisor of j and 64?
16
Suppose 6*w - 19 = 29. Let l = 329 + -77. Let b be (l/45)/((-2)/(-20)). What is the highest common factor of w and b?
8
Suppose 4*v = 3*l - 523, 5*l - 378 = -2*v + 459. Let c = -86 + l. Let m = -23 + c. What is the greatest common factor of 24 and m?
12
Let r be 5474/3 + 112/48. Let m be ((-8)/14)/((-18)/r). Calculate the highest common divisor of 6 and m.
2
S